6903 a composite number?
False
Is 2219697643 composite?
True
Is 31310062661 composite?
True
Is 4773501515 composite?
True
Is 41631119242 composite?
True
Is 2906608729 prime?
True
Is 144035449 a prime number?
False
Is 1415601481 a prime number?
False
Is 1338640349 a composite number?
False
Is 1199266927 composite?
True
Is 6362144513 prime?
False
Is 76310136509 a composite number?
False
Is 2254024247 a prime number?
True
Is 343093657 composite?
True
Is 63746757677 a composite number?
False
Is 9317446573 prime?
True
Is 1919586769 prime?
True
Is 347574749 a composite number?
True
Is 656850869 a prime number?
True
Is 71708184931 composite?
False
Is 76563901697 composite?
False
Is 8921405441 composite?
True
Is 18258429661 a composite number?
True
Is 27219503411 prime?
True
Is 555902681 a prime number?
True
Is 15332916623 composite?
False
Is 2651083273 a prime number?
False
Is 7542107623 a composite number?
False
Is 61089399779 composite?
False
Is 448054511 a composite number?
False
Is 97278604867 a composite number?
True
Is 82114466911 a prime number?
False
Is 20540143807 composite?
True
Is 176839877 a prime number?
True
Is 2550515189 composite?
True
Is 5861409751 prime?
True
Is 22051 a composite number?
False
Is 22859303069 a composite number?
False
Is 2730319349 a prime number?
True
Is 36267869213 prime?
False
Is 19479941167 prime?
True
Is 4600140599 a prime number?
False
Is 60218621329 a prime number?
False
Is 336208157 a composite number?
False
Is 3377482249 a composite number?
True
Is 9048890941 prime?
True
Is 169432127 prime?
False
Is 152358217439 prime?
True
Is 2404793731 a composite number?
True
Is 628291779 a composite number?
True
Is 1045425499 a composite number?
True
Is 84238669 prime?
True
Is 49698828461 prime?
True
Is 98861405 composite?
True
Is 2594738297 a composite number?
True
Is 7226089669 a prime number?
True
Is 580586869 a composite number?
True
Is 78853315087 a prime number?
True
Is 18224078033 prime?
False
Is 2318029603 a prime number?
False
Is 810134279 a composite number?
False
Is 20143989239 prime?
False
Is 134291879941 a composite number?
False
Is 136106281907 a composite number?
True
Is 117184116965 prime?
False
Is 3156652991 composite?
False
Is 47380887581 composite?
False
Is 5928828041 a composite number?
False
Is 1501031219 a prime number?
True
Is 76420332367 a composite number?
False
Is 5688469663 a prime number?
False
Is 2607666511 prime?
True
Is 26204317699 a prime number?
False
Is 16682234447 a composite number?
True
Is 11027647157 composite?
False
Is 74982931 a prime number?
True
Is 166770797 a prime number?
True
Is 4246122589 composite?
True
Is 56880671114 prime?
False
Is 640657909 composite?
True
Is 30790144129 prime?
False
Is 154030462 a prime number?
False
Is 7369010671 a composite number?
True
Is 243872911 a composite number?
False
Is 14160209447 a prime number?
True
Is 13666427 a composite number?
True
Is 13621591111 a prime number?
True
Is 19731082867 composite?
True
Is 31146162109 a prime number?
True
Is 1151711423 a composite number?
True
Is 3488685773 prime?
True
Is 454698227 a composite number?
True
Is 14289002594 a prime number?
False
Is 24700911283 a prime number?
False
Is 3027866839 a composite number?
True
Is 17963474979 a composite number?
True
Is 37363454603 prime?
False
Is 3727857821 a composite number?
False
Is 37207883837 composite?
False
Is 169295383 a prime number?
False
Is 835937131 a prime number?
False
Is 37121923 a prime number?
True
Is 58537101251 a prime number?
True
Is 1341968989 prime?
True
Is 1110982523 a prime number?
False
Is 141595917301 prime?
False
Is 37766319443 a prime number?
False
Is 150811205185 prime?
False
Is 13983658163 a prime number?
True
Is 14122278839 a composite number?
False
Is 139061369 a composite number?
True
Is 1448052967 a prime number?
False
Is 73144999945 a composite number?
True
Is 3145769531 a prime number?
False
Is 521252843 a prime number?
False
Is 11881823303 a composite number?
True
Is 35511955019 prime?
True
Is 7519371589 prime?
True
Is 2772151729 composite?
False
Is 146808359 a prime number?
False
Is 3398201393 a prime number?
True
Is 795313667 prime?
False
Is 96072081267 prime?
False
Is 3589174661 a composite number?
False
Is 102014321 a composite number?
True
Is 90553146209 prime?
False
Is 48143766149 a composite number?
False
Is 1218298643 composite?
True
Is 53807851235 prime?
False
Is 5284953761 prime?
False
Is 76499700347 a composite number?
True
Is 31014471301 prime?
False
Is 8991238609 composite?
False
Is 123696499739 prime?
False
Is 69209154043 a prime number?
False
Is 29838101767 a composite number?
False
Is 3682768171 prime?
False
Is 31564989443 prime?
False
Is 818460347 composite?
False
Is 16112677541 prime?
False
Is 5922981089 a composite number?
False
Is 1498500551 prime?
True
Is 82054160707 composite?
False
Is 83460448549 composite?
False
Is 241850287 composite?
True
Is 230146823563 prime?
True
Is 15017138831 a composite number?
True
Is 15286176067 a composite number?
False
Is 15125259169 prime?
False
Is 904320017 composite?
False
Is 16400867629 prime?
True
Is 994418947 prime?
True
Is 1605233899 a prime number?
False
Is 80133311543 prime?
False
Is 657336277 prime?
False
Is 727053553 a prime number?
True
Is 22072308623 a prime number?
False
Is 27950571483 prime?
False
Is 170777270309 a composite number?
True
Is 179818066123 prime?
True
Is 9118995301 a prime number?
False
Is 2441165845 prime?
False
Is 2205780347 a composite number?
False
Is 3650495369 a prime number?
False
Is 4672905131 composite?
False
Is 22378729627 a prime number?
True
Is 9818631203 a composite number?
False
Is 88836756791 composite?
True
Is 268183439 prime?
True
Is 6974745389 a prime number?
True
Is 7321508333 a composite number?
False
Is 447597817 prime?
True
Is 212920727 a prime number?
True
Is 874119503 prime?
False
Is 547161 composite?
True
Is 18294772907 prime?
False
Is 7754756819 a composite number?
False
Is 640306801 a composite number?
False
Is 4786331531 prime?
True
Is 637084507 a composite number?
False
Is 33025231567 prime?
True
Is 14282693 prime?
False
Is 1659270961 prime?
False
Is 1379510147 composite?
False
Is 114371050315 prime?
False
Is 1484437033 prime?
True
Is 235149574939 prime?
True
Is 22434663751 a prime number?
False
Is 55227391061 a composite number?
False
Is 2035669871 prime?
False
Is 1786728439 a composite number?
False
Is 4205009587 a composite number?
True
Is 120163858183 composite?
True
Is 4392550039 a prime number?
True
Is 401805227 a composite number?
False
Is 143877517159 a prime number?
True
Is 4291670249 a prime number?
False
Is 1720206239 a composite number?
True
Is 73426144573 a composite number?
False
Is 1726641571 a composite number?
False
Is 35792659187 composite?
False
Is 56353002569 prime?
True
Is 1092864943 prime?
True
Is 1989236723 prime?
False
Is 1531829813 a composite number?
True
Is 11915469821 composite?
False
Is 135079936547 prime?
False
Is 7320967949 prime?
True
Is 6425278381 a prime number?
True
Is 179400961 prime?
True
Is 291742631 prime?
False
Is 2102920139 a prime number?
False
Is 4789556257 a composite number?
True
Is 193624463 a composite number?
True
Is 569015383 a prime number?
True
Is 5121604217 composite?
False
Is 8174493617 a composite number?
False
Is 102748935963 a composite number?
True
Is 2241614821 a prime number?
True
Is 168579971401 prime?
False
Is 61433275517 a composite number?
True
Is 11690394721 composite?
False
Is 3999421831 composite?
True
Is 18495080269 composite?
False
Is 148369981 a prime number?
False
Is 1630048711 prime?
True
Is 397912558727 a prime number?
True
Is 9220426213 a composite number?
True
Is 13431169021 composite?
True
Is 46871327383 prime?
False
Is 124251781 a prime number?
False
Is 618498509 prime?
False
Is 19555117 composite?
True
Is 1072627681 a prime number?
True
Is 3648697571 composite?
True
Is 2241531109 composite?
True
Is 897352237 a composite number?
False
Is 73371018827 a composite number?
False
Is 375882541 composite?
True
Is 6091033597 prime?
False
Is 711540031 a prime number?
False
Is 953220077 prime?
False
Is 474927671 a prime number?
False
Is 401628559 a prime number?
False
Is 2418318317 a composite number?
False
Is 584070493 a composite number?
True
Is 4697681